 3020932817?
7
What is the hundreds digit of 104128167?
1
What is the hundreds digit of 1125579000?
0
What is the ten thousands digit of 367733174?
3
What is the millions digit of 1327017541?
7
What is the ten thousands digit of 1108619?
0
What is the tens digit of 595958467?
6
What is the hundred thousands digit of 78102795?
1
What is the hundred millions digit of 5473899904?
4
What is the millions digit of 44038725?
4
What is the hundreds digit of 168085271?
2
What is the hundred thousands digit of 345410508?
4
What is the billions digit of 3047506958?
3
What is the hundred thousands digit of 4365718?
3
What is the hundred thousands digit of 33392140?
3
What is the hundred thousands digit of 93413720?
4
What is the ten millions digit of 725337055?
2
What is the units digit of 67041741?
1
What is the thousands digit of 70173348?
3
What is the tens digit of 5368913671?
7
What is the ten thousands digit of 58819313?
1
What is the units digit of 134534163?
3
What is the hundreds digit of 216022863?
8
What is the ten thousands digit of 1770364806?
6
What is the ten thousands digit of 5470677041?
7
What is the thousands digit of 1528776315?
6
What is the tens digit of 13267467?
6
What is the hundred thousands digit of 1067879055?
8
What is the thousands digit of 399360391?
0
What is the hundred millions digit of 631072495?
6
What is the thousands digit of 8429379571?
9
What is the hundreds digit of 372797954?
9
What is the millions digit of 12809215?
2
What is the millions digit of 53708217?
3
What is the hundred thousands digit of 17404518?
4
What is the tens digit of 35669777?
7
What is the hundred thousands digit of 2357910223?
9
What is the hundreds digit of 905927731?
7
What is the millions digit of 307620898?
7
What is the hundred thousands digit of 44594712?
5
What is the ten thousands digit of 84042891?
4
What is the tens digit of 158230407?
0
What is the thousands digit of 9798951?
8
What is the ten thousands digit of 723764068?
6
What is the units digit of 48729789?
9
What is the millions digit of 6627869?
6
What is the hundred thousands digit of 222099994?
0
What is the units digit of 1225857813?
3
What is the millions digit of 2813655423?
3
What is the thousands digit of 205287765?
7
What is the tens digit of 66716845?
4
What is the millions digit of 343800819?
3
What is the hundreds digit of 71540459?
4
What is the millions digit of 77062822?
7
What is the hundred millions digit of 7161756444?
1
What is the hundreds digit of 5317769180?
1
What is the tens digit of 4886740?
4
What is the ten thousands digit of 3783794447?
9
What is the ten thousands digit of 272821672?
2
What is the tens digit of 31577091?
9
What is the hundreds digit of 64014798?
7
What is the thousands digit of 32304373?
4
What is the hundred millions digit of 4328429770?
3
What is the hundreds digit of 279178662?
6
What is the hundreds digit of 402552382?
3
What is the tens digit of 269281121?
2
What is the ten thousands digit of 5408630?
0
What is the ten thousands digit of 3961827906?
2
What is the hundred millions digit of 680337559?
6
What is the thousands digit of 56852615?
2
What is the hundred thousands digit of 44437152?
4
What is the ten millions digit of 4167969217?
6
What is the millions digit of 3732875433?
2
What is the millions digit of 64953746?
4
What is the hundred millions digit of 140234156?
1
What is the ten thousands digit of 156992693?
9
What is the ten thousands digit of 1441233181?
3
What is the hundreds digit of 39623313?
3
What is the hundreds digit of 726679915?
9
What is the tens digit of 1044296702?
0
What is the millions digit of 859899305?
9
What is the ten thousands digit of 5913797265?
9
What is the tens digit of 26895081?
8
What is the tens digit of 4337700950?
5
What is the tens digit of 446223428?
2
What is the ten millions digit of 1208851625?
0
What is the millions digit of 517223290?
7
What is the hundred millions digit of 657041933?
6
What is the thousands digit of 54549818?
9
What is the ten millions digit of 86702402?
8
What is the units digit of 65274435?
5
What is the tens digit of 2100307225?
2
What is the tens digit of 3867616?
1
What is the units digit of 210944828?
8
What is the hundreds digit of 300576797?
7
What is the thousands digit of 6673887209?
7
What is the thousands digit of 1499828336?
8
What is the millions digit of 50916279?
0
What is the ten thousands digit of 402645?
0
What is the units digit of 3016368995?
5
What is the hundred thousands digit of 400053611?
0
What is the hundred millions digit of 980959977?
9
What is the billions digit of 4342106799?
4
What is the ten thousands digit of 1208933471?
3
What is the tens digit of 35459934?
3
What is the hundred millions digit of 799950806?
7
What is the tens digit of 56662149?
4
What is the ten thousands digit of 117948175?
4
What is the millions digit of 2176420884?
6
What is the ten millions digit of 645768329?
4
What is the billions digit of 1023147055?
1
What is the hundreds digit of 32095354?
3
What is the units digit of 53391584?
4
What is the hundreds digit of 23221522?
5
What is the thousands digit of 125313852?
3
What is the hundreds digit of 5786336338?
3
What is the ten millions digit of 3881486892?
8
What is the ten millions digit of 2514741032?
1
What is the thousands digit of 1777832701?
2
What is the ten millions digit of 85278692?
8
What is the hundred millions digit of 229766646?
2
What is the thousands digit of 136540698?
0
What is the ten millions digit of 248101254?
4
What is the hundred millions digit of 187841190?
1
What is the hundred thousands digit of 232280667?
2
What is the billions digit of 1842896781?
1
What is the thousands digit of 11097751?
7
What is the millions digit of 1775680?
1
What is the thousands digit of 180287613?
7
What is the millions digit of 36496514?
6
What is the billions digit of 2005059461?
2
What is the billions digit of 3421724781?
3
What is the tens digit of 39432005?
0
What is the millions digit of 61335788?
1
What is the units digit of 2394728903?
3
What is the ten thousands digit of 118845709?
4
What is the ten millions digit of 103090676?
0
What is the ten millions digit of 143809060?
4
What is the millions digit of 199444751?
9
What is the hundreds digit of 3408418796?
7
What is the hundreds digit of 251546748?
7
What is the ten millions digit of 26901822?
2
What is the hundreds digit of 65356702?
7
What is the hundred thousands digit of 84008186?
0
What is the thousands digit of 6682329560?
9
What is the ten millions digit of 331234764?
3
What is the hundred thousands digit of 8465075?
4
What is the millions digit of 58559032?
8
What is the hundred thousands digit of 881226797?
2
What is the tens digit of 375132272?
7
What is the thousands digit of 608977801?
7
What is the hundreds digit of 178336750?
7
What is the units digit of 70929297?
7
What is the hundred millions digit of 212242649?
2
What is the ten millions digit of 1025788889?
2
What is the ten millions digit of 754687527?
5
What is the hundred thousands digit of 779547845?
5
What is the ten millions digit of 2870967719?
7
What is the ten thousands digit of 10717749?
1
What is the ten millions digit of 301814900?
0
What is the ten millions digit of 462802572?
6
What is the hundred thousands digit of 1553712265?
7
What is the tens digit of 384187554?
5
What is the units digit of 351513939?
9
What is the hundred millions digit of 605805661?
6
What is the ten thousands digit of 540982415?
8
What is the millions digit of 21838490?
1
What is the thousands digit of 243808076?
8
What is the units digit of 953139261?
1
What is the tens digit of 83666054?
5
What is the hundred thousands digit of 8467099792?
0
What is the ten thousands digit of 255550688?
5
What is the ten millions digit of 2905430123?
0
What is the thousands digit of 227289784?
9
What is the hundred millions digit of 227631158?
2
What is the thousands digit of 337167420?
7
What is the thousands digit of 111433443?
3
What is the units digit of 904310921?
1
What is the ten thousands digit of 16038401?
3
What is the ten thousands digit of 76866895?
6
What is the hundreds digit of 155519029?
0
What is the millions digit of 68503748?
8
What is the ten thousands digit of 3974264200?
